alculate h(33).
-170
Let n(w) = 2*w**3 + 21*w**2 + 12*w + 39. Calculate n(-10).
19
Let i(a) = 1369*a + 19172. Determine i(-14).
6
Let t(v) = -10*v**2 - 296*v - 1758. What is t(-8)?
-30
Let d(m) = -m**3 - 40*m**2 - 77*m - 61. Give d(-38).
-23
Let q(z) = z**3 + 7*z**2 + 6*z + 12. Calculate q(-8).
-100
Let z(y) = -166*y - 999. What is z(-6)?
-3
Let k(y) = -93*y + 3633. What is k(39)?
6
Let y(f) = 15*f + 445. Determine y(-27).
40
Let a(z) = -2*z**3 - 43*z**2 + 13*z + 722. Determine a(-21).
8
Let k(b) = b**3 + 60*b**2 + 310*b + 17. What is k(-6)?
101
Let n(f) = -f**3 + 11*f**2 + 22*f + 25. Give n(13).
-27
Let q(g) = 9*g**2 + g + 24. Determine q(-5).
244
Let m(s) = -19*s + 360. Give m(19).
-1
Let b(q) = -q**3 + 19*q**2 - 107*q + 141. Calculate b(8).
-11
Let g(s) = 2383*s + 16686. Determine g(-7).
5
Let z(v) = -3*v**3 + 6*v**2 + 135*v - 648. Determine z(5).
-198
Let p(v) = -3*v**2 + 15*v - 20. Determine p(3).
-2
Let s(u) = -u**2 + 118*u - 567. Calculate s(5).
-2
Let i(m) = 5*m**2 - 131*m + 657. Give i(20).
37
Let v(b) = -b**2 - 34*b - 176. Give v(-25).
49
Let h(g) = -83*g**2 - 921*g - 99. What is h(-11)?
-11
Let d(h) = -h**3 - 76*h**2 - 150*h - 201. Calculate d(-74).
-53
Let c(m) = m**3 + 18*m**2 + 47*m - 379. Determine c(-11).
-49
Let f(y) = -7167*y - 78846. Calculate f(-11).
-9
Let o(z) = 70*z - 671. Give o(10).
29
Let n(p) = 13*p - 183. Determine n(23).
116
Let n(z) = 40*z - 4864. Determine n(121).
-24
Let w(t) = 562*t + 2248. Give w(-4).
0
Let n(d) = -d**2 + 799*d - 71. Determine n(0).
-71
Let k(t) = -2*t**3 - 25*t**2 + 16*t + 36. What is k(-13)?
-3
Let p(h) = -h - 1. Calculate p(23).
-24
Let y(z) = -41*z**3 - 55*z**2 + 55*z + 2. Determine y(1).
-39
Let w(x) = x**3 + 23*x**2 - 52*x - 47. Determine w(-25).
3
Let h(j) = j**2 - 231*j + 9308. What is h(52)?
0
Let o(k) = 5*k**2 + 34*k - 24. Give o(6).
360
Let c(i) = 4*i**3 + 3*i**2 - 3*i - 1. Calculate c(4).
291
Let u(a) = 4*a**3 - 12*a**2 + 17*a + 22. Determine u(4).
154
Let s(d) = -d**3 - 17*d**2 - 24*d - 26. Give s(-15).
-116
Let u(i) = 7*i**3 - i**2 + 5*i - 4. What is u(1)?
7
Let y(z) = 1500*z + 65985. What is y(-44)?
-15
Let q(c) = -187*c + 21147. Determine q(113).
16
Let i(u) = -75*u + 132. What is i(2)?
-18
Let c(v) = -21*v + 248. What is c(11)?
17
Let h(m) = -m + 142. Give h(36).
106
Let j(y) = -y**3 - 12*y**2 - 13*y - 8. Calculate j(-14).
566
Let b(w) = -5*w**2 - 125*w - 614. Determine b(-6).
-44
Let x(u) = u**3 - 4*u**2 - 347*u - 33. Calculate x(-17).
-203
Let w(h) = 7*h**2 - 65*h + 28. Calculate w(6).
-110
Let i(u) = -717*u - 2925. Give i(-4).
-57
Let r(d) = -9*d + 317. Determine r(46).
-97
Let t(c) = c**2 + 894*c + 11453. Determine t(-13).
0
Let o(b) = -b**3 - 29*b**2 - 83*b - 188. Give o(-26).
-58
Let a(g) = -g**3 + 11*g**2 + 100*g - 7. Determine a(17).
-41
Let l(x) = 2*x**3 - 17*x**2 + 38*x + 7. What is l(4)?
15
Let r(m) = -2*m**3 + 279*m**2 - 139*m - 48. What is r(139)?
-48
Let j(g) = -3*g**3 + 27*g**2 + 17*g - 142. Calculate j(9).
11
Let m(i) = -4*i**2 + 571*i + 141. What is m(143)?
-2
Let n(m) = -2*m**3 + 22*m**2 - 11*m - 71. What is n(10)?
19
Let r(s) = -40*s**2 - 412*s - 458. Calculate r(-9).
10
Let i(c) = 3*c**2 - 48*c + 187. Determine i(7).
-2
Let g(c) = 73*c - 2916. Calculate g(40).
4
Let d(z) = -z**3 - z**2 - 9*z. Determine d(4).
-116
Let h(m) = 33*m**3 - 3*m**2 + 5*m - 1. Determine h(2).
261
Let m(y) = 26*y + 254. Calculate m(-9).
20
Let m(c) = -10*c**3 + 13*c**2 + 22*c - 1. Give m(-2).
87
Let w(c) = -c**3 - 7*c**2 - 186*c - 1078. What is w(-6)?
2
Let z(y) = y**3 - 25*y**2 + 24*y + 59. Give z(24).
59
Let s(g) = 723*g - 217632. Determine s(301).
-9
Let z(d) = 2*d**3 + 20*d**2 + 13*d - 50. Determine z(-9).
-5
Let c(p) = p**2 + 4*p - 247. What is c(14)?
5
Let u(d) = -204*d + 2456. Give u(12).
8
Let n(s) = -7*s + 129. Calculate n(19).
-4
Let x(o) = 381*o - 3049. Calculate x(8).
-1
Let p(l) = 12*l - 887. What is p(73)?
-11
Let d(x) = -x**2 - 45*x - 349. What is d(-34)?
25
Let x(f) = -4*f**2 + 108*f + 490. What is x(31)?
-6
Let q(m) = 64*m + 656. What is q(-10)?
16
Let s(g) = -6*g**3 + 79*g**2 - 38*g + 333. Calculate s(13).
8
Let a(p) = -5*p + 94. Determine a(-9).
139
Let s(w) = 28212*w + 28216. Give s(-1).
4
Let o(p) = 2*p**3 + 28*p**2 + 78*p + 6. Calculate o(-10).
26
Let a(t) = -692*t + 3477. What is a(5)?
17
Let u(s) = -107*s + 4601. Determine u(43).
0
Let x(a) = 2033*a + 29. Determine x(0).
29
Let b(z) = z**2 - 10*z - 15. Give b(-2).
9
Let v(x) = x**3 - 19*x**2 + 22*x - 74. Give v(18).
-2
Let z(w) = 401*w - 6824. Calculate z(17).
-7
Let p(q) = q**3 - 34*q**2 - 116*q + 187. Calculate p(37).
2
Let m(u) = -1642*u + 13136. Give m(8).
0
Let r(a) = -10*a**3 + 7*a - 3. Determine r(2).
-69
Let h(o) = 3*o**3 + o**2 + o - 57. What is h(0)?
-57
Let j(g) = g**3 + 50*g**2 - 216*g - 38. Determine j(-54).
-38
Let r(j) = 9*j**2 - 28*j - 7. Give r(4).
25
Let i(r) = -2*r**3 - 24*r**2 + r - 10. Give i(-12).
-22
Let a(b) = -134*b + 8307. Determine a(62).
-1
Let b(k) = 10*k**2 - 2082*k + 2081. Determine b(1).
9
Let p(s) = s**3 + 44*s**2 - 590*s - 27. Determine p(11).
138
Let m(f) = -208*f + 942. Calculate m(5).
-98
Let j(n) = -2*n**2 + 33*n + 1893. What is j(40)?
13
Let c(d) = -2*d**3 + 4*d**2 - 306*d - 620. Calculate c(-2).
24
Let p(o) = 2*o**3 + 10*o**2 - 24*o + 4. Determine p(-6).
76
Let z(o) = 1040*o + 136249. Calculate z(-131).
9
Let i(g) = 3*g**2 - 74*g - 1505. Determine i(-15).
280
Let q(a) = -301*a - 1279. Calculate q(-5).
226
Let o(m) = 39*m - 3156. What is o(81)?
3
Let y(m) = 507*m - 1542. What is y(3)?
-21
Let k(c) = -443*c - 3409. Calculate k(-8).
135
Let f(b) = b**3 - 16*b**2 - 136*b + 94. Calculate f(22).
6
Let w(h) = h**3 - 12*h**2 + 19*h - 33. Calculate w(9).
-105
Let f(a) = a**2 + 114*a + 2185. Determine f(-25).
-40
Let s(t) = 2*t**3 - 54*t**2 - 5*t + 78. Give s(27).
-57
Let s(q) = q**3 + 78*q**2 - 96*q - 1057. What is s(-79)?
286
Let d(r) = -21*r**2 - 24*r - 1. Determine d(-1).
2
Let k(v) = 40*v + 437. Determine k(-10).
37
Let b(q) = 300*q - 5683. Calculate b(19).
17
Let d(a) = -a**3 - 46*a**2 - 334*a - 80. Calculate d(-9).
-71
Let l(g) = -6*g**3 + 2*g**2 + 2*g - 6. What is l(2)?
-42
Let u(l) = -24*l + 709. Calculate u(37).
-179
Let v(z) = -44*z + 856. Give v(20).
-24
Let g(y) = -47*y - 1022. Calculate g(-6).
-740
Let j(r) = 4*r**2 + 63*r + 35. Calculate j(-10).
-195
Let g(f) = f**2 + 38*f + 90. Determine g(-37).
53
Let k(c) = -18*c + 719. Calculate k(56).
-289
Let p(c) = 845*c - 16066. What is p(19)?
-11
Let m(w) = 6*w**3 + 3*w**2 - 32*w - 6. Calculate m(0).
-6
Let z(u) = 2*u**3 + 54*u**2 + 107*u + 71. What is z(-25)?
-104
Let b(i) = i**2 - 77*i - 867. Determine b(87).
3
Let i(x) = 2*x**2 + 15*x + 20. Calculate i(-6).
2
Let l(r) = 36*r**3 + 147*r**2 + 20*r + 49. What is l(-4)?
17
Let k(u) = -3*u**2 + 24*u - 23. Determine k(10).
-83
Let w(t) = -664*t + 1706. Give w(3).
-286
Let y(a) = a**2 + 85*a + 1422. Give y(-23).
-4
Let q(j) = -65*j**3 + 28*j - 27. Calculate q(1).
-64
Let d(q) = -2*q**3 - 5*q**2 + 2407*q - 183. Calculate d(-36).
-3
Let q(u) = 2*u**2 - u + 5. What is q(-2)?
15
Let h(z) = -57*z + 4090. Determine h(72).
-14
Let s(j) = -7*j**3 - 15*j**2 + 2*j + 6. What is s(-5)?
496
Let b(j) = -28*j - 301. Determine b(-11).
7
Let i(a) = a**3 - 48*a**2 - 56*a + 442. Give i(49).
99
Let k(q) = -4*q**2 - 164*q + 523. Determine k(3).
-5
Let u(j) = -22*j + 67. Give u(0).
67
Let q(i) = -12*i - 146. Give q(-13).
10
Let i(y) = -y**3 + 116*y**2 - 114*y - 115. Determine i(115).
0
Let x(k) = -18*k**2 + 618*k - 196. Calculate x(34).
8
Let y(u) = -2*u**3 + 12*u**2 + 151*u + 31. What is y(-6)?
-11
Let a(o) = 3*o**2 + 24*o - 6. Calculate a(-9).
21
Let t(l) = l**3 - 16*l**2 + 8*l - 413. Determine t(17).
12
Let d(k) = -2*k**3 - 28*k**2 - 93*k - 884. Calculate d(-13).
-13
Let v(n) = -28*n**2 - 12*n - 21. Calculate v(-4).
-421
Let x(l) = 2*l**3 + 3*l**2 - 168*l + 13. Calculate x(-10).
-7
Let p(u) = -u**3 + 8*u**2 - 11*u + 16. What is p(8)?
-72
Let m(v) = -3*v - 151. Give m(-41).
-28
Let w(i) = -3*i**3 + 30*i**2 - 25*i + 231. Give w(10).
-19
Let i(w) = -1180*w - 17731. What is i(-15)?
-31
Let t(l) = l**2 - 81*l + 468. Give t(6).
18
Let r(p) = -9*p**2 - 281*p + 111. Determine r(-32).
-113
Let q(n) = -n - 96. Calculate q(22).
-118
Let r(o) = -6*o**2 + 122*o + 48. Determine r(19).
200
Let o(k) = 2*k**